hest common factor of f and w?
16
Let f(d) = 4*d + 7. Let j be f(1). What is the highest common factor of 77 and j?
11
Suppose 0 = -q + 7 - 3. Suppose -4*b + 4 = -4*g, -3*g = -2*g + 3*b - 11. What is the highest common divisor of q and g?
2
Suppose 5*o + k - 79 + 4 = 0, -2*o + k + 23 = 0. What is the highest common factor of o and 70?
14
Suppose 1 = d + 6, o - 4*d - 22 = 0. What is the highest common divisor of o and 16?
2
Let d = -106 - -121. Calculate the highest common divisor of d and 75.
15
Let l be 0 - 0 - (-7 - 3). Suppose -q + l = o - 4, -2*q = 3*o - 38. Let k be 16/o*(-25)/(-2). Calculate the greatest common divisor of k and 10.
10
Suppose 2*i + 2*i = 4*x + 56, -40 = -2*i + 5*x. Let u = 5 + 45. Suppose -k - 10 = -6*k, 5*k = 2*q - u. Calculate the highest common divisor of q and i.
10
Suppose -2*l - 8 = -0*l. Let n be (-22)/(-5) - l/(-10). What is the highest common factor of n and 28?
4
Let f be 3/4*-8*1. Let n be (f/5)/((-3)/270). Let z(t) = 11*t**2 + t. Let h be z(1). Calculate the highest common factor of h and n.
12
Suppose 0*z = 3*z + 2*v - 187, -2*v = z - 61. Suppose -m + 12 = 3*m. Let k be (6/(-2))/((-1)/m). What is the highest common factor of k and z?
9
Let d(k) = 1. Let t(g) = -4*g - 9. Let c(f) = 4*d(f) + t(f). Let v be c(-3). What is the highest common divisor of v and 7?
7
Let b be 1*-2*(-9)/1. Calculate the highest common factor of 72 and b.
18
Suppose 55 = -4*h + 279. Let p be (-2 + 2/(-4))*2. Let g = p - -12. What is the greatest common divisor of g and h?
7
Let j = -44 - -70. Calculate the greatest common factor of j and 65.
13
Let h be 1*(-1 + (2 - -1)). Suppose h*b - 18 + 6 = 0. Calculate the highest common divisor of b and 24.
6
Suppose 5*s - 5*b - 65 = -3*b, -b - 5 = 0. Suppose w - 27 = -m - 1, -98 = -5*m + 3*w. What is the greatest common divisor of m and s?
11
Let g(o) = 4*o**2 + 6*o. Let d = -4 + 2. Let v(t) = t**3 - t + 2. Let z be v(d). Let q be g(z). What is the greatest common factor of 20 and q?
20
Suppose 0 = 3*d - 2*d - 1. Suppose 0 = -r + 3 - d. Suppose -3*z + 3*s = -75, 3*z - 4*z - 4*s = 0. What is the highest common factor of r and z?
2
Let z(x) = -4*x + 3. Let b be z(2). Let o = 9 + b. Suppose -o = h - 56. Calculate the greatest common divisor of 13 and h.
13
Let j = -126 - -152. What is the highest common divisor of j and 78?
26
Suppose i + 4*t - 69 = 152, 851 = 4*i + 5*t. What is the greatest common divisor of i and 19?
19
Let r be (48/(-10))/(6/(-160)). Let j(q) = q**3 - 17*q**2 + 32*q - 14. Let w be j(15). Calculate the highest common factor of r and w.
16
Let n be 76/18 - 12/54. Let h = 42 + -6. What is the greatest common divisor of n and h?
4
Suppose -y + 5*f = -19, 3*y + 2*f - 74 = -0*y. Let z be (1/2)/((-1)/6). Let m = 75 + z. What is the highest common factor of m and y?
24
Let g = -78 - -188. Suppose -2*f - 3*f = -g. Calculate the highest common factor of f and 22.
22
Let g be (-2)/(-3 - -5)*-18. Suppose 2*k - 12 = g. Suppose -3*o = -2*o - 3*t - 129, -409 = -3*o - 2*t. What is the greatest common divisor of k and o?
15
Suppose 0 = -3*a + 10 + 26. Let x(i) = i**2 + 2*i. Let g be x(-8). What is the highest common divisor of g and a?
12
Let q be 2110/35 - 4/14. Suppose 5*f - 2*h - 64 = 7, -4*f = 3*h - 66. Calculate the highest common factor of f and q.
15
Let f = -1 + 7. Let z = -1 + 4. Let d be -1*1 - (z - 34). Calculate the highest common divisor of f and d.
6
Let o(g) = g**3 - 2*g**2 - 3*g - 4. Let z be o(4). Let h = 290 - 194. What is the highest common factor of h and z?
16
Let u(g) = -g**3 + 14*g**2 + g - 19. Let d be u(14). Let k be -45*((-12)/d - 4). What is the highest common divisor of 18 and k?
18
Let l(h) = -5*h + 4*h + 6*h**2 + 3*h + 4. Let k be l(3). Calculate the highest common divisor of k and 16.
16
Let c be (159/6 - -1) + 5/(-10). Calculate the greatest common factor of 45 and c.
9
Let l = -10 + 15. Let f(k) = 3*k**2 + 6. Let v be f(l). What is the highest common factor of 9 and v?
9
Suppose -1 = 2*n + 5*m, 7*m + 6 = n + 3*m. Calculate the greatest common divisor of 8 and n.
2
Let g = 2 - 1. Let j be 1/(-2)*(-4)/2. What is the highest common divisor of j and g?
1
Let o = 93 + -30. Calculate the highest common divisor of o and 9.
9
Suppose -3*i + 2*v = -32, -i + 4*v + 40 = 2*i. Suppose -30 = -3*y + 30. Let k = i + y. Calculate the greatest common factor of k and 7.
7
Suppose -200 = 9*g - 14*g. Calculate the greatest common divisor of 60 and g.
20
Let d = -5 - -9. Suppose 2*h + 2*h + 2*k = 302, 301 = d*h + k. Calculate the highest common divisor of h and 25.
25
Suppose 0*c = 4*c. Suppose c = 5*b - 5*g - 5, 5*b - 2*g = 1 + 13. Let h be 1 + 4*b + 1. Calculate the greatest common divisor of h and 6.
6
Let y be 125/20 - 2/8. Suppose -y = 4*w - 26. Suppose 3*l - l = 10. Calculate the highest common factor of w and l.
5
Suppose 0 = -a - a + 8. Suppose -2*d + a*d = 22. Let t be (-6)/4*66*-1. What is the highest common factor of d and t?
11
Let q = 347 + -206. Suppose -5*i - c = -0*c - q, -i + 33 = 5*c. Let p = i - 12. What is the highest common factor of 4 and p?
4
Suppose -5*a = 3*i - 345, 3*a - 106 = i + 87. What is the highest common divisor of 6 and a?
6
Suppose 0 = -2*h + 4*n + 5 + 83, 2*n + 112 = 3*h. Calculate the highest common factor of h and 34.
34
Let t(s) = -11*s - 35. Let m be t(-6). Calculate the greatest common divisor of m and 217.
31
Suppose 2*y - 3*j - 30 = 0, -62 + 19 = -3*y + 5*j. Let i(d) = 4*d**2 - d. Let h be i(1). What is the greatest common divisor of y and h?
3
Suppose -4*f - 2 = 2*z, 3*f - z = 7 - 1. Suppose -13 = -2*g + f. What is the greatest common divisor of g and 56?
7
Let w = -256 + 289. Let n be (-400)/(-18) - 4/18. Calculate the greatest common factor of n and w.
11
Let x be (200/70)/((-4)/(-14)). What is the greatest common factor of x and 80?
10
Let b be (-12)/(-8)*138/9. What is the highest common divisor of b and 23?
23
Let n = -22 - -50. Suppose -6*l = -2*l - 16. Calculate the highest common factor of l and n.
4
Let f(y) = -y**3 - y**2 + y + 2. Let i be f(-2). Suppose m + i*m + 530 = 0. Let g = 166 + m. What is the highest common factor of g and 10?
10
Suppose -4*n + 8*n = 24. What is the greatest common divisor of n and 18?
6
Let b(y) = 11*y**2 + 6*y + 8. Let o be b(-4). What is the greatest common factor of 32 and o?
32
Let j be (-114)/(-7) + (-10)/35. Let z(s) = 26*s**2 - s. Let x be z(1). Suppose -5*n = -x - 95. Calculate the highest common divisor of n and j.
8
Let p(g) = -4*g + 3*g + 3*g. Let z be p(1). What is the highest common factor of 22 and z?
2
Let d be (4/1)/1 - 1. Suppose 0 = d*l - l - 138. What is the greatest common divisor of l and 46?
23
Let i = 433 + -48. Calculate the greatest common divisor of i and 35.
35
Let m be 12/(-8)*(-28)/6. Let i be (m/(-3))/(7/(-231)). Calculate the greatest common factor of 7 and i.
7
Let s(a) = a**2 - 10*a - 6. Let q be s(11). Suppose -454 = -q*i - 2*m, 5*m + 5 = 3*i - 255. Calculate the greatest common divisor of 10 and i.
10
Let i(b) = 2*b**2 - 2*b - 3. Let p be i(-3). What is the greatest common divisor of p and 42?
21
Let f(c) = 6 - 2 - 4*c + c + 4*c. Let x be f(4). What is the highest common divisor of x and 72?
8
Let h be 6/4*16/(-12). Let q be 12/(-2*1/h). What is the greatest common divisor of 60 and q?
12
Let s be 4/(-2) + 3 + 10. Let f(m) = -4*m - 3. Let j be f(4). Let h = j - -30. Calculate the highest common factor of h and s.
11
Let h be (-308)/(-6) - (-1)/(-3). Let f(p) = 52*p**2 - p + 1. Let b be f(1). Let x be b/3 + (-4)/12. What is the greatest common divisor of x and h?
17
Let y(o) = o**2 + 7*o - 4. Let f be y(-6). Let k be ((-8)/f)/(8/60). Suppose 2*h + 40 = k*h. What is the highest common divisor of h and 15?
5
Let p(g) = 2*g**2 - 6*g - 3. Let y be p(5). Suppose 0 = m - 2*m + 51. Calculate the highest common divisor of m and y.
17
Let x(p) = 2*p**2 + 3*p. Suppose 2*n = -2*k - 8, 22 = -5*n + 2. Suppose -2*g - 12 = -k*g. Let y be x(g). What is the highest common factor of y and 18?
18
Suppose 0*q - 3*q = 5*f - 73, -5*q + 107 = f. Let r = -14 + 98. Calculate the highest common factor of r and q.
21
Suppose -7*j = -11*j + 140. What is the greatest common divisor of 15 and j?
5
Let i(r) be the first derivative of 3*r**2 + 3*r - 1. Let v be i(6). Suppose -2*h + 3*h - 26 = 0. C